{"id":37,"date":"2020-09-05T18:21:53","date_gmt":"2020-09-05T16:21:53","guid":{"rendered":"http:\/\/dtf-ge.de\/?page_id=37"},"modified":"2023-06-20T11:04:31","modified_gmt":"2023-06-20T09:04:31","slug":"mitglieder","status":"publish","type":"page","link":"https:\/\/dtf-ge.de\/?page_id=37","title":{"rendered":"Mitglieder"},"content":{"rendered":"\n<p>Der Deutsch-T\u00fcrkische-Freundeskreis Gelsenkirchen e.V. ist ein ehrenamtlicher Verein und existiert nur durch seine Mitglieder. Der Verein kann seinen Zweck und seine Ziele nur \u00fcber das Engagement und die Aktivit\u00e4ten der Mitglieder erf\u00fcllen bzw. erreichen. <\/p>\n\n\n\n<p>Mitgliedschaft im DTF<\/p>\n\n\n\n<p>Mitglieder des Vereins k\u00f6nnen nat\u00fcrliche und juristische Personen sein, soweit sie die Ziele des Vereins im Sinne des \u00a7 2 der Satzung vertreten. Minderj\u00e4hrige haben kein Stimmrecht.<\/p>\n\n\n\n<p>Die Mitgliedschaft ist beim Vorstand schriftlich zu beantragen. Der Vorstand entscheidet \u00fcber die Aufnahme neuer Mitglieder mit einfacher Mehrheit.<\/p>\n\n\n\n<p>Die Mitglieder sind zur Zahlung eines monatlichen Beitrages verpflichtet, der durch Beitragsordnung festgelegt wird. Die Beitragsordnung wird von der Mitgliederversammlung beschlossen.<\/p>\n\n\n\n<p>Die Mitgliedschaft erlischt durch: Austritt (schriftlich), Ausschluss und Tod<\/p>\n\n\n\n<p>Der Austritt aus dem Verein kann nur zum Ende eines Kalenderjahres unter Einhaltung einer Frist von 4 Monaten schriftlich erkl\u00e4rt werden.<\/p>\n\n\n\n<p> Mitglieder k\u00f6nnen wegen nachhaltiger Verst\u00f6\u00dfe gegen die Satzung oder wegen vereinssch\u00e4digenden Verhaltens durch Vorstandsbeschluss mit 2\/3 Mehrheit ausgeschlossen werden.<\/p>\n\n\n\n<p>Ein Beitragsr\u00fcckstand von mindestens zw\u00f6lf Monaten berechtigt den Vorstand, ein Mitglied durch einfachen Mehrheitsbeschluss auszuschlie\u00dfen. Die schriftliche Abmahnung mit dem Hinweis auf die M\u00f6glichkeit des Ausschlusses ist Voraussetzung.<\/p>\n","protected":false},"excerpt":{"rendered":"<p>Der Deutsch-T\u00fcrkische-Freundeskreis Gelsenkirchen e.V. ist ein ehrenamtlicher Verein und existiert nur durch seine Mitglieder. Der Verein kann seinen Zweck und seine Ziele nur \u00fcber das Engagement und die Aktivit\u00e4ten der Mitglieder erf\u00fcllen bzw. erreichen. Mitgliedschaft im DTF Mitglieder des Vereins k\u00f6nnen nat\u00fcrliche und juristische Personen sein, soweit sie die Ziele<\/p>\n","protected":false},"author":1,"featured_media":0,"parent":522,"menu_order":0,"comment_status":"closed","ping_status":"closed","template":"","meta":{"footnotes":""},"class_list":["post-37","page","type-page","status-publish","hentry"],"_links":{"self":[{"href":"https:\/\/dtf-ge.de\/index.php?rest_route=\/wp\/v2\/pages\/37","targetHints":{"allow":["GET"]}}],"collection":[{"href":"https:\/\/dtf-ge.de\/index.php?rest_route=\/wp\/v2\/pages"}],"about":[{"href":"https:\/\/dtf-ge.de\/index.php?rest_route=\/wp\/v2\/types\/page"}],"author":[{"embeddable":true,"href":"https:\/\/dtf-ge.de\/index.php?rest_route=\/wp\/v2\/users\/1"}],"replies":[{"embeddable":true,"href":"https:\/\/dtf-ge.de\/index.php?rest_route=%2Fwp%2Fv2%2Fcomments&post=37"}],"version-history":[{"count":3,"href":"https:\/\/dtf-ge.de\/index.php?rest_route=\/wp\/v2\/pages\/37\/revisions"}],"predecessor-version":[{"id":106,"href":"https:\/\/dtf-ge.de\/index.php?rest_route=\/wp\/v2\/pages\/37\/revisions\/106"}],"up":[{"embeddable":true,"href":"https:\/\/dtf-ge.de\/index.php?rest_route=\/wp\/v2\/pages\/522"}],"wp:attachment":[{"href":"https:\/\/dtf-ge.de\/index.php?rest_route=%2Fwp%2Fv2%2Fmedia&parent=37"}],"curies":[{"name":"wp","href":"https:\/\/api.w.org\/{rel}","templated":true}]}}